der when 135 is divided by m.
33
Calculate the remainder when 218 is divided by (86/(-14) - -3)/(148/(-5698)).
97
What is the remainder when 395 is divided by (-528)/14*140/(-40)?
131
Suppose 2*v - u - 2019 = 908, 2*u = -2. What is the remainder when v is divided by 61?
60
Let h = 2040 + -2020. Calculate the remainder when 5058 is divided by h.
18
Suppose -6 = -2*z + 5*z, 62 = 2*r + 4*z. What is the remainder when 99 is divided by r?
29
What is the remainder when 408 is divided by ((-15)/(-6) - 14)/(2/(-4))?
17
Let w be 27*(-3)/5 + (-2)/(-10). Let n(a) = 7*a + 14. What is the remainder when n(11) is divided by (-44)/w - 3 - 279/(-12)?
22
Let w be (7/3 + 3)/(4/18). Let u(q) = -5*q + 152. Calculate the remainder when u(w) is divided by 19.
13
Let s(p) = -p**2 + 22*p - 71. Let u be s(0). Let j = 97 + u. Calculate the remainder when 88 is divided by j.
10
Suppose -359*v - 12870 = -370*v. What is the remainder when v is divided by 37?
23
Suppose -4*p - 48 = u - 262, 0 = -2*u + 3*p + 395. What is the remainder when u is divided by 92?
18
Suppose 108*q = 120*q - 432. What is the remainder when 1143 is divided by q?
27
Calculate the remainder when 531 is divided by ((-184 + -36)*(-1)/7)/(8/28).
91
Suppose -2020 = -187*t + 177*t. Calculate the remainder when t is divided by 4.
2
Suppose 4*n - 245 + 49 = 2*q, 0 = -5*q - 4*n - 462. Let t = -43 - 11. Let b = t - q. Calculate the remainder when b is divided by 21.
19
Suppose -q + 22 = -1. What is the remainder when ((-6)/(-12))/((-4)/(-504)) is divided by q?
17
Suppose 5*m = 10, 3*m = 2*p - m + 38. Let n be 5*(-4)/p*-3. Calculate the remainder when 26 is divided by -4*(6/n - 2).
12
Let y(j) = -2*j**3 - 40*j**2 + 41*j + 30. Calculate the remainder when 3773 is divided by y(-21).
50
Suppose g - 3*g = -10. Let o be g/(-30) - (-1686)/(-36). Let z = 46 - o. What is the remainder when z is divided by 27?
12
Let i(v) = v**3 - 24*v**2 - 53*v - 52. Let r be i(26). Let o = r + 110. What is the remainder when o is divided by 18?
14
Suppose 2*c + 11*c = -1131. Let s = c - -92. What is the remainder when 413/s + 7/(245/14) is divided by 22?
17
Let h(q) be the first derivative of 5*q**2 - q + 1. Suppose -2533*g + 16 = -2529*g. Calculate the remainder when h(g) is divided by 20.
19
Suppose -221 = n + 3*j, j = -2*j. Let s = n - -247. Calculate the remainder when s is divided by 14.
12
Suppose 5 = r + 4. Let t(c) = -r - 4 + 4 - 2*c. What is the remainder when t(-8) is divided by 6?
3
Let f = -7604 - -8220. What is the remainder when f is divided by 125?
116
Let g = -2694 + 2710. Calculate the remainder when 579 is divided by g.
3
Suppose 32*h + 21456 = 177*h - 25959. What is the remainder when h is divided by 52?
15
Let p(f) = 3*f**2 - 15*f - 24. Let w = -138 + 255. Calculate the remainder when w is divided by p(7).
9
Let u = -23 + 13. Let k(m) be the third derivative of m**6/120 + m**5/6 - m**4/8 - 5*m**3/2 - 216*m**2 + m. What is the remainder when 29 is divided by k(u)?
14
Suppose -3*o - 546 = -2*w + 2*o, 3*w + 5*o = 869. Calculate the remainder when w is divided by 61 + -59 - ((-9)/((-27)/6) - 26).
23
Let j(l) = -l**3 - 7*l**2 + 10*l + 10. Let z be -4*(5 - (6 + -3)). Let p be j(z). What is the remainder when (-248)/p*9/6 is divided by 13?
10
Calculate the remainder when (614/(-12))/(299/(-390) + 6/10) is divided by 17.
1
Let a = 43 + 8. Let d = -5083 - -5386. Calculate the remainder when d is divided by a.
48
Suppose -4*r + 3*f = -56 - 216, 4*r + 3*f = 272. Suppose 0 = 25*c - 29*c + s + 171, -2*c + 4*s = -r. Calculate the remainder when 613 is divided by c.
41
Let g(z) = 2*z**2 + 2*z - 3. Suppose 82 = 3*o - 50. Let v = -20 + o. Calculate the remainder when v is divided by g(2).
6
Suppose -4*s = -5*b - 109, 2*b - 3*s + 13 = b. Let i = b + 189. What is the remainder when i is divided by 42?
38
Suppose -3*u - 2*r = -4*r - 15, 20 = 4*u - 5*r. Let d(q) = -q**3 + 6*q**2 - 4*q + 9. What is the remainder when 52 is divided by d(u)?
10
Let t(w) = -5*w**2 - 68*w - 3. What is the remainder when t(-3) is divided by 153?
3
Let f = -34 - -102. Let t = 599 - 646. Let d = t - -71. Calculate the remainder when f is divided by d.
20
Let z(h) = 10*h**2 - h**3 - 1 - 22 - 1 + 10 - 14*h. What is the remainder when 4/(-3) - 1878/(-18) is divided by z(7)?
33
Suppose -2*a - 518 = -111*m + 107*m, -2*a + 117 = m. What is the remainder when 537 is divided by m?
29
Suppose -3360 = -105*b + 65*b. Calculate the remainder when 736 is divided by b.
64
Let k(j) = -107*j - 17. Let y be k(2). What is the remainder when 11/(y/(-3429)) + (-2)/7 is divided by 15?
13
Suppose 3 = 3*u - 3*m, -u - 4*m - m + 19 = 0. Suppose -u*a + 19 = -161. What is the remainder when a is divided by 2/(-10)*-3 + (-372)/(-30)?
6
Let q = 12 + -6. Suppose 0*f = q*f + 198. Let o = -30 - f. What is the remainder when 6 is divided by o?
0
Let u(d) = 3*d**3 - 19*d**2 + 6*d + 32. Let w be u(4). Suppose 0 = -7*k + 3*k - 372. Let s = w - k. Calculate the remainder when s is divided by 10.
7
Let c be ((-200)/(-24) - 8)*0. Suppose c = 118*q - 105*q - 286. What is the remainder when q is divided by 15?
7
Calculate the remainder when (1/(-2))/((-635)/1248410) is divided by 18.
11
Suppose 15 = 17*u - 19. Calculate the remainder when 76 is divided by 11/((-77)/(-52))*7/u.
24
Suppose 149464 = 18*s + 37486. What is the remainder when s is divided by 46?
11
Let q = -2618 - -2643. Calculate the remainder when (-4955)/(-25) + (-1)/5 is divided by q.
23
Let y be ((-8)/(-10))/(0 - (-6)/315). Suppose 0 = -y*t + 40*t + 106. Calculate the remainder when t is divided by 23.
7
Let y = 115 + -111. Suppose -y*r = 4*b - 60, b - 6*b = -5*r - 35. Suppose -b*o = -9*o - 306. What is the remainder when o is divided by 13?
10
Let a(k) = k**2 + 5*k - 37. Let u be a(6). Suppose -u = -0*g - 2*g + f, -3*g + 66 = 3*f. What is the remainder when 117 is divided by g?
15
Let u be (-7)/((-7)/3) + 0. Suppose -4*b - 2*k + 37 = -23, -5*b + 64 = -u*k. What is the remainder when 48 is divided by b?
6
Suppose 9 = 67*z - 70*z. What is the remainder when 37 is divided by (-7 - z) + 13 + -4 + 9?
9
Suppose -4*j - 20 = -4*p, -2*p = 2*p + 4*j + 12. Calculate the remainder when (-2)/((6/(-40))/((-42)/(-35))) is divided by -1*((p - 3) + -3).
1
Suppose 33*d = -154307 + 158960. Let s = 26 - 15. Calculate the remainder when d is divided by s.
9
Let g = 274 + -272. Let v(p) = 4*p**3 - 5*p**2 - p + 5. What is the remainder when 218/8 + (-2)/8 is divided by v(g)?
12
Suppose -3*k + 5*y + 262 = 1, -2*y = -3*k + 252. Let v(b) = 8*b**2 + 2*b + 1. Let o be v(-1). Let q = o - -10. Calculate the remainder when k is divided by q.
14
Suppose -5*s = -5*i - 2205, 210 = s - 2*i - 228. What is the remainder when 15/3 - s/(3 - 7) is divided by 13?
12
Let k = -6294 - -6312. What is the remainder when 537 is divided by k?
15
Let s = 339 - 330. Calculate the remainder when 42 is divided by s.
6
Let o = 729 + -701. Let t = 99 - o. What is the remainder when t is divided by 2?
1
Let m be (3/4)/((-2)/(-8)). Suppose m*w = k + 15, 0 = 5*k - 6 + 21. Suppose -w*z + 27 = -81. What is the remainder when 107 is divided by z?
26
Let a(o) = -33*o + 208. Let b(x) = 3*x**2 + 2*x + 2. Let n be b(-3). Calculate the remainder when a(5) is divided by (-1)/(-2) + n/2.
7
Let o = -927 + 930. Suppose -242 - 475 = -o*i. Calculate the remainder when i is divided by (-65)/(-4) - (-1)/(-4).
15
Suppose -190*c + 11936 = 389*c - 12961. Suppose 3*t + 5 = 2. Let u = t + 10. What is the remainder when c is divided by u?
7
Let n = 19 - 14. Suppose 4*w - 279 = -7*v + 2*v, -3*w + 208 = n*v. What is the remainder when w is divided by 18?
17
Let o(d) = 7*d**2 + 2*d + 1. Suppose 3*l - 41 - 100 = -3*c, 3*c = 3*l + 141. Suppose 53 = 10*n - c. What is the remainder when o(-2) is divided by n?
5
Suppose -2*k + z = -23, z + 9 - 36 = -3*k. What is the remainder when 248 is divided by k?
8
Calculate the remainder when 412 is divided by 16/(-12)*4/((-12)/(-9))*-52.
204
Let t be (-1994025)/(-55)*2/10. What is the remainder when 1/6 - (t/(-18) + 0) is divided by 27?
25
What is the remainder when (6 + (-225)/18)*-12 is divided by 12?
6
Let w(c) = -c**2 + 15. Let v be w(0). Let m(g) = -27*g**3 + 9*g**3 - 12*g - 18 + g**2 + 19*g**3 - 15*g**2. Calculate the remainder when m(v) is divided by 15.
12
Suppose